 be -1*(1 - -3) + 28. Suppose 4*b = m - 21, m - b - g = -3*m. Determine i(m).
-7
Let u(n) = -n + 7. Let g be u(6). Let q(h) be the first derivative of -h**3 + h + 5682. Calculate q(g).
-2
Let o(h) = -7*h**3 + 3*h**2 - h - 1. Let f be o(1). Let k(a) = -5*a - 9. What is k(f)?
21
Suppose -4*y - 2 + 11 = -5*a, -5*a - y - 4 = 0. Let i be (1 - (-2 - a))*(-4)/4. Let h(r) = 2*r**2 + r - 2. What is h(i)?
4
Let s = -228 - -229. Let p(q) = -7*q**3 - q**2 + 5*q + 6. Let o(d) = d**3 - d - 1. Let z(j) = 5*o(j) + p(j). Calculate z(s).
-2
Let i(p) = p**2 - 11*p + 20. Suppose 5*s = -14 + 54. Let t be i(s). Let v(w) = -w**3 - 4*w**2 - 3*w - 6. What is v(t)?
6
Let c(v) = -10*v + 3. Suppose 0 = 8*p - 32 + 16. Give c(p).
-17
Let m(t) = 3*t**2 + 30*t - 25. Let u be m(-11). Let i(f) = -f**2 + 11*f - 18. What is i(u)?
6
Let b(y) = y + 2. Let d be b(0). Let p be 51/(-17) + 2*(-9)/(-2). Let u(l) = -2*l**d + 0*l**3 - 2*l - 3 + p*l**3 - 5*l**3. Calculate u(3).
0
Let f(x) = 12*x + 1. Let l(u) = 13*u + 1. Suppose -4*o - 5*h + 1 = -1, -3*o = -h + 8. Let a(m) = o*f(m) + 3*l(m). Give a(-1).
-14
Let u be (28/10)/(1/(-5)). Let g = u + 21. Let r(c) = -4 + g + 9*c - 8*c. What is r(-5)?
-2
Suppose 0 = -7*d + 4*d + 3*s + 36, -4*d - 2*s = -24. Let j = -4 + d. Let k(g) be the first derivative of g**4/4 - 4*g**3/3 - 2*g**2 + g + 67. Give k(j).
-15
Let z = 9 - 11. Let u be z - 2 - (-1 + -3). Let y(w) = -4*w + u + 2*w + 1 + 4*w. Calculate y(-4).
-7
Let a(z) = z**2 - 3*z + 3. Suppose 4*j + 18 = -2*u, 5*j = -16*u + 18*u - 9. Determine a(u).
21
Let r(l) be the third derivative of -30*l**2 + 1/6*l**4 + 0*l + 0*l**3 - 1/60*l**5 + 0. Calculate r(4).
0
Let q(z) = -z**2 - 2*z + 3. Suppose -2*c = -15 + 7. Suppose 0*s - 2*d = -2*s - 6, 9 = -3*s - c*d. What is q(s)?
0
Let l(a) = a**2 - 7*a - 11. Let s be ((-2)/4 - 1)/(33/(-220)). What is l(s)?
19
Let m be 3*(1 - 4/(-6)). Suppose -39 = 2*h - m*h. Let s = h + -7. Let x(r) = -r**2 + 6*r - 2. Determine x(s).
-2
Let w = -114 - -116. Let h(n) = -n - 3*n + n + w*n - 2. Give h(-7).
5
Let k(b) be the third derivative of b**6/120 - b**5/20 + b**4/8 - b**3/6 - 12*b**2. Let f be 1/(1 + -2) - (-14 - -11). Determine k(f).
1
Let j(k) = 2*k - 1. Suppose 4*r = 2*u - 16, -5*u + 28*r - 24*r = -22. What is j(u)?
3
Let a(y) = 5*y**2 - 7*y + 1. Let l(k) = 11*k**2 - 14*k + 1. Let z = -53 + 44. Let b(g) = z*a(g) + 4*l(g). Calculate b(6).
1
Let k = 277 + -275. Let s(a) = 2*a**2 + a + 2. Determine s(k).
12
Let t(u) = 26 - u**2 - 2*u - 5*u - 28. Suppose -3*l - 12 = l. Let d(s) = s**3 + s**2 - 5*s - 2. Let x be d(l). What is t(x)?
8
Let s be 26/(-52) + 18/4. Let p be (s + 66/(-21))*14/4. Let u(v) = -v**3 + 3*v**2 + v + 3. Give u(p).
6
Suppose 0*r - 7 = 4*r + m, 3 = 3*m. Let f be ((-3)/r)/(27/(-72)). Let o(d) = d**3 + 5*d**2 + 3*d + 2. Give o(f).
6
Let a be (4/(-1))/((-3)/6). Let r = a - 6. Let u(o) = 2 + r - o**2 - 5 + o**3 + 2*o**2 - o. What is u(-1)?
0
Suppose -2*q + 12 + 4 = -2*v, 2*v = 4*q - 26. Let s(d) = d - 7. Let g be s(q). Let j(f) be the first derivative of f**4/2 + f**3/3 - f**2 - 3*f - 2. Give j(g).
-11
Let c(o) be the third derivative of -o**4/8 + 11*o**3/3 - 334*o**2. What is c(7)?
1
Let t(f) = f**3 - 6*f**2 + f + 8. Let g(y) = -3*y + 2*y - 43 + 44. Let o be g(-5). What is t(o)?
14
Let s(v) = 7*v**2 + 0*v**3 - 4*v**3 + 0*v**3 + 5*v**3 + 5 + 6*v. Suppose -4*q - i = -19, -2*q + 5*i + 10 = -q. Let o be 3/q*2*-5. What is s(o)?
5
Let t(q) = 2*q**3 - q**2. Let r(s) = 11*s**3 + s**2 - 7*s + 4. Let o(m) = -r(m) + 5*t(m). Calculate o(-7).
-4
Suppose -4*g + c = 33, 3*g + 7*c + 19 = 2*c. Let l(r) = -3*r - 12. Give l(g).
12
Let v(q) = 18*q**2 + q + 3. Let n(f) = 16*f**2 + f + 2. Let m(t) = 4*n(t) - 3*v(t). Give m(-1).
8
Let y(j) = -6*j**2. Let w be y(1). Let m = 11 + w. Let k(h) = h**2 + 19*h - 2. Let i(o) = o**2 + 10*o - 1. Let q(s) = 5*i(s) - 3*k(s). Calculate q(m).
16
Let h(n) = n - 6. Suppose 3*a = -a + 12. Suppose v + 4 - 26 = a*g, 3*v - 16 = -g. Give h(v).
1
Suppose 0 = -12*q + 16*q - 2*j - 8, -5*q - 3*j - 12 = 0. Let w(i) = i**3 - i**2 - i + 11. Calculate w(q).
11
Let h(r) = -14*r - 21. Suppose -3*u = -318 + 324. Give h(u).
7
Let s = 286 + -278. Let l(m) be the first derivative of -m**3/3 + 7*m**2/2 + 3*m + 1. What is l(s)?
-5
Let u(t) = t**3 + 3*t**2 - 3. Let v = -9 + 11. Suppose -v*r = 5*g + 212, 0*r - 46 = g + 4*r. Let f be 2/(g/9 - -4). Determine u(f).
-3
Let r be 1/3 + 48/18. Let m(q) = q + 0*q + 4 - r - 2. Calculate m(5).
4
Let j(c) be the second derivative of c**3/6 + c**2 + c. Let t be 7/21*(0 + 3). Suppose -t = -2*l + 9. Determine j(l).
7
Let c(q) = q + 3. Let s be c(-9). Let n be (-3 + (-21)/s)*12. Let l(a) = a**3 - 7*a**2 + 6*a + 4. Calculate l(n).
4
Let f(s) = -s**3 + s**2 + 3*s. Let c = 9 - 26. Let j be ((-2)/(-11) - c/(-33))*-9. Give f(j).
-9
Let t(p) = -11*p + 1. Let o be t(-4). Let i = o + -21. Suppose 4*z = 4*w + i, 5*w + 0*w + 2*z = -2. Let d(u) = 2*u**2 + 2*u + 1. What is d(w)?
5
Let v(w) = -w - 14. Suppose 21*k + 3*h - 8 = 23*k, -k = -5*h - 10. Determine v(k).
-4
Let g(x) = 12 - 1 + 2*x - 6. Suppose -200 + 146 = 9*j. Give g(j).
-7
Let b(p) be the first derivative of -p**4/4 + 2*p**3/3 + p**2 + p - 14. Give b(3).
-2
Let w(u) be the second derivative of 1/6*u**3 + 1/6*u**4 - 11*u + 1/2*u**2 + 0. Suppose 8 = j - 5*j. Determine w(j).
7
Let o(d) = d**3 - 2*d**2 - 4. Let b be (-13 - -16)*(-1 + 0)*-1. Determine o(b).
5
Suppose 5*w + 0*w + 165 = 0. Let v = -33 - w. Let y(f) = -f - 4. Calculate y(v).
-4
Let d(n) = n**2 + 4*n + 2. Let x(k) = 9*k. Let a be x(2). Let m be ((-27)/a)/(3/(-8)). Suppose 3*s + 5*c + 37 = 0, -m*s + 2*c - 6 = -0*c. Calculate d(s).
2
Let t(n) = n**3 + 3*n - 3. Suppose 13*z - 9*z - 1 = -r, 10 = -5*r - 5*z. Calculate t(r).
-39
Let m(j) = -3*j**2 + j - 5. Let b(g) be the second derivative of -5*g**4/12 + g**3/3 - 4*g**2 + 11*g. Let k(i) = -5*b(i) + 8*m(i). Give k(2).
0
Let s(d) be the second derivative of -d**5/20 + 2*d**4/3 - 11*d**3/6 + 15*d**2 + 423*d. Give s(7).
2
Let x(n) be the second derivative of n**5/20 - 5*n**4/12 + n**3 - n**2 + 2*n. Let s(p) = 7*p**2 - 3*p. Let w be s(1). What is x(w)?
6
Let h(t) = 2*t**2 + 4*t. Suppose -2*l + 3*w = -20, -3*l + 3 = -5*w - 29. Suppose 3*j = -a, -3*j + 7*j - l = 0. What is h(a)?
6
Let r(o) = -o**3 + 2*o**2 - 3. Let f be 26/(-3) + 4/6. Suppose -2*p - 11 = -1. Let j = p - f. Determine r(j).
-12
Suppose -4*p - 1 = 47. Let r = p - -15. Let k(o) = -6*o**3 + 2*o**2 + 2*o. Let l(w) = w**3 - w. Let q(n) = -k(n) - 5*l(n). Give q(r).
18
Let n(b) = -14*b + 445. Let j be n(31). Let z(q) = q**2 - 17*q + 60. Calculate z(j).
-6
Let x(n) = 4*n**2 + 89*n + 33. Let a(j) = 2*j**2 + 46*j + 17. Let z(c) = -7*a(c) + 4*x(c). Give z(-17).
13
Let p(r) = -r**2 - 4*r + 9. Let g(i) = i - 1. Let c(w) = -6*g(w) - p(w). Determine c(-2).
5
Suppose -2*q = -4*z - 42, -z - q - 9 = -0. Let l(u) = -u**3 - 9*u**2 + 11*u - 6. What is l(z)?
-16
Let h(k) = -6*k - 36. Let o be h(-7). Let r(g) = g - 10. Give r(o).
-4
Let p(l) = 3*l**3 - 3*l**2 - 3*l + 21. Let g(m) = 5*m**3 - 5*m**2 - 5*m + 41. Let v(k) = -4*g(k) + 7*p(k). Calculate v(0).
-17
Let u(i) = -1217*i + 602*i + 578*i - 1. Determine u(-1).
36
Let f be (8/6)/(1/12). Let c(r) = -r - 30 + f + 14. Calculate c(-5).
5
Let g(z) = -13*z - 8*z**2 + 2*z**2 + z**3 - z**2 - 2*z**2 - 97 + 88. What is g(10)?
-39
Let l(s) = 2*s**2 + 20*s - 194. Let c be l(-16). Let h(v) = -2 + v**3 + 2*v**3 + 2*v**2 - v**2 + v**3. Give h(c).
-30
Let j(x) = -x + 3 - x + 3*x. Let v(p) be the third derivative of -p**6/120 - p**5/30 + p**4/24 - 2*p**3/3 + 5*p**2. Let m be v(0). Calculate j(m).
-1
Let c be 14/(-16)*(-56 + 48). Let f(u) = 3*u - 24. What is f(c)?
-3
Let f = -62 + 66. Let r(h) = h + 4. Let b(q) = q + 5. Let o(x) = f*r(x) - 3*b(x). Determine o(-10).
-9
Let w(a) = -7*a + 35 - 13 - 8 - 7 - 5. Determine w(2).
-12
Let i(h) be the second derivative of -h**3/2 - 5*h**2/2 - h + 31. Calculate i(-6).
13
Let i(f) = 4*f. Let u(d) = -11*d - 1. Let s(o) = 8*i(o) + 3*u(o). What is s(-12)?
9
Let x(j) = j**2 + 22*j - 199. Let c be x(-29). Let p(u) = 2*u**2 + 2*u - 4. Calculate p(c).
36
Let m = 3 - -2. Let k(h) = 3*h**3 + m*h**2 + 16 + h**3 - 19 - h - 3*h**3. Let n = 8 - 13. What is k(n)?
2
Let o = 170 + -168. Suppose 2 + 2 = 2*b. Let k(c) = -o*c - c + 3 - 2 + b*c. What is k(2)?
-1
Let y(h) = -1530*h**3 - h + 3 